
Let l(t) = 46*t**2 - t. Calculate the remainder when l(-1) is divided by 13.
8
Let k = -1 - -3. Suppose 0*a = -k*a + 40. Calculate the remainder when a is divided by (-34)/(-3) - 3/9.
9
Calculate the remainder when 1/(-3)*186/(-2) is divided by 11.
9
Suppose -4*i + 36 = -3*z, -3*i + z + z + 27 = 0. Calculate the remainder when 17 is divided by i.
8
Suppose 6*l = -7*l + 1794. What is the remainder when l is divided by 28?
26
Let m(q) = 4*q**2 + 3*q - 6. Let w be ((-9)/4)/((-12)/(-32)). Let v be m(w). Suppose v = f + 4*f. What is the remainder when 46 is divided by f?
22
Suppose -5*y - 36 = -296. Suppose -2*z = -6*z + y. Calculate the remainder when 49 is divided by z.
10
Suppose l = 3*l - 36. Calculate the remainder when l is divided by 10.
8
Let q(t) = -2*t + 1. Suppose 0 = z + 5*f + 27, 0*f - 15 = 5*z + f. What is the remainder when 9 is divided by q(z)?
4
Let w = -23 - -60. Suppose 12 + 6 = i - x, -3*i = 2*x - 54. Let z = -5 + i. What is the remainder when w is divided by z?
11
Let m = 4 + -1. Suppose 2*v - 4*v + 4*r - 8 = 0, 5*v + 3*r = -46. What is the remainder when (v + 2)/2 + 9 is divided by m?
0
Suppose 21 = 3*a - 51. What is the remainder when 46 is divided by a?
22
Let d(w) = -3*w - 3. Let k be d(-8). What is the remainder when 40 is divided by 1/1*k/1?
19
Suppose 0 = -s + 4*y + 67, 2*s - 76 = y + 65. What is the remainder when s is divided by 25?
21
Suppose -93 = -30*r + 27*r. Suppose 0 = -4*m + 2*p + 96, -6*m + m + 4*p = -120. Suppose -20 = -4*s + m. Calculate the remainder when r is divided by s.
9
Suppose 5*i = 3*u - 13, 3*u - 4*i + 49 = 6*u. Suppose -a - 3*z + z - 1 = 0, 4*a - z = 32. What is the remainder when u is divided by a?
4
Let p = 97 + 27. Calculate the remainder when p is divided by 7.
5
Let r = -486 - -690. Calculate the remainder when r is divided by 52.
48
Suppose -5*d + 95 = -5*b, 66 - 25 = 2*d + b. What is the remainder when 42 is divided by 6/(-2) + d + -6?
9
Let s(i) = i**3 + 3*i**2 - 2*i - 2. Let n be s(-3). Suppose 4*m + 2*k - 254 = 0, 9*m - n*m = -4*k + 316. Calculate the remainder when m is divided by 22.
20
Suppose -22 = -2*t - 5*y, 41*y + 83 = 3*t + 36*y. What is the remainder when ((-7)/3 + 2)*-249 is divided by t?
20
Let c(w) = 2*w**2 - 40*w - 24. What is the remainder when c(21) is divided by 13?
5
Let a = 39 - -11. Suppose -8 = -u + 2*v, -v = -4*u - 2*v + a. Calculate the remainder when 34 is divided by u.
10
Suppose -12 = 4*f - 6*f. Suppose 5*h + 0*h - 75 = 0. What is the remainder when h is divided by f?
3
Suppose 0 = -2*t - 15 + 97. Calculate the remainder when t is divided by (-3)/(-1)*(-28)/(-6).
13
Suppose -20 = -z + 11. Calculate the remainder when 91 is divided by z.
29
Let m = -3 + 5. Suppose 0 = -15*r + 9 + 21. What is the remainder when r is divided by m/(-2 + (2 - -1))?
0
Suppose 0 = -a, -3*i - 3*a = 2*a. Suppose -2*f - 1 + 7 = i. Calculate the remainder when 5 is divided by f.
2
Suppose 3*f + 12 = -f. Let v(y) = -2*y + 1. What is the remainder when (58/(-6))/(1/f) is divided by v(-7)?
14
Let m be 1/(-3) + 14/6. Calculate the remainder when 80/2 - (-1 + 0) is divided by (m/(-3))/((-1)/21).
13
Suppose 35 + 55 = -3*o. Let v be (o - -2)*3/4. What is the remainder when 3 is divided by (-48)/v - 2/7?
1
Suppose -9*d + 10*d - 16 = 0. Calculate the remainder when 31 is divided by d.
15
Suppose 0*o + 12 = 3*o, -4*o = 3*n - 160. Let h = n - 18. What is the remainder when h is divided by 16?
14
Suppose -4*l = 2*c - 4, l + 10 = 3*l - c. Suppose -l*b - 8 = b. What is the remainder when 17 is divided by 8 + -2 + (b - -2)?
5
Let r be 36/(-10)*40/(-16). Let u(i) = i**3 - 8*i**2 - 5*i + 13. What is the remainder when u(r) is divided by 13?
10
Let u(b) = b**3 + 10*b**2 - 4*b - 1. Calculate the remainder when 192 is divided by u(-10).
36
Let i = 17 - 7. Let u(w) = w**2 - 10*w + 3. What is the remainder when 10 is divided by u(i)?
1
Suppose -b = 4*l + l - 56, -b + 40 = l. What is the remainder when b is divided by 13?
10
Calculate the remainder when 6 is divided by (1/2)/(18/144).
2
Let p be 1/((-2)/(-4)) - -1. Suppose p*z - 5*z = -14. What is the remainder when z is divided by 5?
2
Let d = 16 + 10. Let h = 6 + -3. Suppose -5*t + 2*k + 78 = 0, 3*t = -h*k + 8*k + 62. Calculate the remainder when d is divided by t.
12
Let f = -169 + 190. Calculate the remainder when f is divided by 13.
8
Suppose 0 = 4*g - 2*p - 90, -4*g - 2*p + 2 = -92. What is the remainder when g is divided by 8?
7
Suppose 5*m - 4*a = a + 10, a = 3*m - 10. Let t = 32 - m. Suppose -o = o - t. Calculate the remainder when 26 is divided by o.
12
Let y(b) = -2*b - 4. Let i be y(-3). Suppose -t = i*t - 42. Suppose -4*g = -6*g + 52. Calculate the remainder when g is divided by t.
12
Let t = 138 - 114. What is the remainder when 118 is divided by t?
22
Let y be ((-3)/4)/(3/(-12)). Suppose y*b = -2*b + 125. Let l = 16 + -2. Calculate the remainder when b is divided by l.
11
Let m(h) = -5*h**3 + h**2 - h - 1. What is the remainder when 22 is divided by m(-1)?
4
Suppose -u + 2*y = 2*u - 4, -3*y = -4*u + 5. What is the remainder when 9 is divided by u?
1
Let u = -6 - -10. Calculate the remainder when u is divided by 2.
0
Suppose q + 13 + 46 = 0. Let d = q + 97. Suppose 4*r - d = -2. What is the remainder when 26 is divided by r?
8
Let o(b) = 2*b + 6. Let a be o(-7). Let r = 39 + a. Calculate the remainder when r is divided by 11.
9
Suppose 42 + 22 = -4*c. Let z(x) = -x + 3. Calculate the remainder when 35 is divided by z(c).
16
Suppose 54 = 3*k - 2*s + 11, 69 = 5*k - 2*s. What is the remainder when 49 is divided by k?
10
Let x(v) = 3*v**2 + 2*v + 7. Let r be x(5). Let z = r - 34. Let j = -17 + 37. What is the remainder when z is divided by j?
18
Calculate the remainder when 18/(-6) - (1 - 61) is divided by 12.
9
Let l(h) = h - 4. Let y be l(8). Suppose -28 = -5*u - y*s, 4 = 3*u - 5*s - 35. What is the remainder when u is divided by 3?
2
Suppose -5*o + 0*o = -45. Let h = -17 - -61. What is the remainder when h is divided by o?
8
Let s = 9 + -4. Suppose x + 4*a - a - 13 = 0, 65 = s*x - 5*a. Suppose -p + 0*p + 7 = 0. What is the remainder when x is divided by p?
6
Let o = -22 + 38. What is the remainder when o is divided by 9?
7
Let q = 54 - 30. What is the remainder when 45 is divided by q?
21
Let q = 13 + -9. Suppose -q*b = -8*b + 88. Suppose p + 0*p = -3*t + b, 3*p = 3*t + 90. Calculate the remainder when p is divided by 15.
13
Suppose 4*i = 2*r + 106, 31 = 2*i - i - 5*r. Calculate the remainder when i is divided by 14.
12
What is the remainder when 2/8 + (-1179)/(-36) is divided by 12?
9
Let c(z) = 15*z**2 + z + 1. What is the remainder when c(-1) is divided by 4?
3
Suppose -4*z + 106 = -94. What is the remainder when z is divided by 13?
11
Let x be ((-9)/(-15))/((-2)/(-10)). Let u = x + 1. Calculate the remainder when 3/u + (-505)/(-20) is divided by 7.
5
What is the remainder when (-7 - 0)*(-13 + -1) is divided by 33?
32
Let c = -7 + 12. Suppose -3*j = -3*n + 2*n + 21, -n - c*j = 3. Calculate the remainder when 21 is divided by n.
9
What is the remainder when 46 is divided by ((-1)/1 + 11)*(-21)/(-14)?
1
Let i = 6 - 3. Suppose 57 = 4*z + 5. What is the remainder when 150/4*2/i is divided by z?
12
Suppose 4*x - 3*w - 90 = 0, 0 = 3*w + 2 + 4. Calculate the remainder when x is divided by 6.
3
Suppose 2*j - 3*j + 4 = 0. Let d(x) = -x**2 - 9*x - 8. What is the remainder when d(-7) is divided by j?
2
Let j = 7 - 5. Suppose -2*r = -j*q + 6 + 2, 3*r - 44 = -5*q. Calculate the remainder when q is divided by (12/(-8))/(3/(-8)).
3
Let y(f) = 4*f + 1. Let a be y(3). Suppose -5*i = -x - 3*x + 17, 5*x + 2*i - a = 0. Suppose -3*c + 12 - x = 0. Calculate the remainder when 3 is divided by c.
0
Let d(a) = -a**3 + 3*a**2 + 7*a - 7. Let c be d(4). Suppose c*v - 30 = -0*v. Calculate the remainder when 10 is divided by v.
4
Let p = -26 - -18. Let y(o) = -o + 10. Let j be y(p). Calculate the remainder when 130/j - 10/45 is divided by 3.
1
Let s(n) be the second derivative of 2*n**3/3 + n**2 + n. What is the remainder when s(3) is divided by 2/3 + -1 + (-288)/(-54)?
4
Let w = 60 - 12. Let b = -27 + w. What is the remainder when 82 is divided by b?
19
Let c = 4 - 1. Suppose j = -2*l + 13, 6*j - c*j - 4*l + 1 = 0. Calculate the remainder when 12 is divided by j.
2
Suppo